{"id":1789,"date":"2026-08-21T14:13:06","date_gmt":"2026-08-21T14:13:06","guid":{"rendered":"https:\/\/auto-nora.de\/cars\/porsche-911-992-2-carrera-t\/"},"modified":"2026-09-01T04:34:07","modified_gmt":"2026-09-01T04:34:07","slug":"porsche-911-992-2-carrera-t","status":"publish","type":"cars","link":"https:\/\/auto-nora.de\/fr\/cars\/porsche-911-992-2-carrera-t\/","title":{"rendered":"Porsche &#8211; 911 (992.2) Carrera T"},"content":{"rendered":"<p>Pack int\u00e9rieur Carrera T MT avec garnitures en cuir \u00e9tendues Noir, surpiq\u00fbres contrastantes Bleu Gentiane, Q1S Si\u00e8ges baquets sport all\u00e9g\u00e9s (rabattables), 3UG Si\u00e8ges arri\u00e8re, 0I2 R\u00e9servoir de carburant de 84 litres, 0P5 Sorties d&rsquo;\u00e9chappement sport en titane, 1N3 Direction assist\u00e9e Plus, 2ZF Volant sport GT en Race-Tex avec chauffage du volant, 3B5 Habillages de sortie de ceinture en Race-Tex, 3S4 Pr\u00e9paration pour syst\u00e8me de transport sur toit, 4F2 Acc\u00e8s Confort, 5VK Pare-soleil en Race-Tex, 59C Jantes RS Spyder 20\/21 pouces en Gris Vanadium m\u00e9tallis\u00e9 (finition brillante), 6NN Ciel de toit en Race-Tex, 7Y8 Assistant de changement de voie, 8JU Phares HD Matrix LED teint\u00e9s, 9VL Syst\u00e8me audio Bose Surround Sound, DAS Monogramme lat\u00e9ral \u00ab 911 Carrera T \u00bb en Gris Vanadium, KA6 Assistance au stationnement avec Surround View, QK3 Pr\u00e9-\u00e9quipement Porsche Dashcam, QT3 Filet de rangement c\u00f4t\u00e9 passager, UD4 Projecteurs de porte LED 911 Carrera T, VC2 Ouvre-porte de garage, VT9 Baguettes de seuil de porte en aluminium bross\u00e9 noir, \u00e9clair\u00e9es<\/p>\n<p>\u00c9quipements de s\u00e9rie :<br \/>\nClimatisation automatique bi-zone, Syst\u00e8me d&rsquo;alarme avec surveillance de l&rsquo;habitacle, D\u00e9tection de vigilance du conducteur, Coques sup\u00e9rieures et inf\u00e9rieures des r\u00e9troviseurs ext\u00e9rieurs peintes en Gris Vanadium m\u00e9tallis\u00e9, Fonction Stop &amp; Start automatique, Syst\u00e8me de freinage avec \u00e9triers noirs, Radio num\u00e9rique, R\u00e9troviseurs ext\u00e9rieurs rabattables \u00e9lectriquement avec \u00e9clairage d&rsquo;environnement, Bandeau lumineux Exclusive Design avec inscription Porsche noire, Frein de stationnement \u00e9lectrique, Assistant d&rsquo;allumage automatique des feux avec fonction Coming Home, Grille de capot moteur avec lamelles longitudinales peintes en Gris Vanadium m\u00e9tallis\u00e9 (brillant), Bandeau de feux arri\u00e8re avec inscription Porsche, Direction de l&rsquo;essieu arri\u00e8re, R\u00e9troviseurs int\u00e9rieur et ext\u00e9rieurs \u00e0 att\u00e9nuation automatique avec capteur de pluie int\u00e9gr\u00e9, Vitrage all\u00e9g\u00e9, Pack Design \u00c9clairage, Syst\u00e8me de navigation haut de gamme, Syst\u00e8mes d&rsquo;appel d&rsquo;urgence eCall et bCall, Filtre \u00e0 particules essence (GPF), Assistance au stationnement avant et arri\u00e8re avec avertissement visuel et sonore, Suspension sport PASM (-10 mm), P\u00e9dalier en aluminium, Porsche Communication Management (PCM) avec navigation, Porsche Torque Vectoring (PTV), Boulons de roues antivol, Capteur de pluie, Syst\u00e8me de surveillance de la pression des pneus (TPMS), Entourage des vitres lat\u00e9rales noir, Si\u00e8ges avant chauffants, Compartiment pour smartphone avec recharge sans fil, Pack Sport Chrono avec Porsche Track Precision App et affichage de la temp\u00e9rature des pneus, Commande vocale, Fonction Auto Hold, Assistant de maintien dans la voie, R\u00e9gulateur de vitesse, Reconnaissance des panneaux de signalisation<\/p>","protected":false},"featured_media":0,"template":"","brands":[7],"getriebe":[34],"farbe":[585],"kraftstoff":[18],"antrieb":[24],"class_list":["post-1789","cars","type-cars","status-publish","hentry","brands-porsche","getriebe-schaltgetriebe","farbe-pts-maritimblau","kraftstoff-benzin","antrieb-heckantrieb"],"_links":{"self":[{"href":"https:\/\/auto-nora.de\/fr\/wp-json\/wp\/v2\/cars\/1789","targetHints":{"allow":["GET"]}}],"collection":[{"href":"https:\/\/auto-nora.de\/fr\/wp-json\/wp\/v2\/cars"}],"about":[{"href":"https:\/\/auto-nora.de\/fr\/wp-json\/wp\/v2\/types\/cars"}],"wp:attachment":[{"href":"https:\/\/auto-nora.de\/fr\/wp-json\/wp\/v2\/media?parent=1789"}],"wp:term":[{"taxonomy":"brands","embeddable":true,"href":"https:\/\/auto-nora.de\/fr\/wp-json\/wp\/v2\/brands?post=1789"},{"taxonomy":"getriebe","embeddable":true,"href":"https:\/\/auto-nora.de\/fr\/wp-json\/wp\/v2\/getriebe?post=1789"},{"taxonomy":"farbe","embeddable":true,"href":"https:\/\/auto-nora.de\/fr\/wp-json\/wp\/v2\/farbe?post=1789"},{"taxonomy":"kraftstoff","embeddable":true,"href":"https:\/\/auto-nora.de\/fr\/wp-json\/wp\/v2\/kraftstoff?post=1789"},{"taxonomy":"antrieb","embeddable":true,"href":"https:\/\/auto-nora.de\/fr\/wp-json\/wp\/v2\/antrieb?post=1789"}],"curies":[{"name":"wp","href":"https:\/\/api.w.org\/{rel}","templated":true}]}}

<p>Pack intérieur Carrera T MT avec garnitures en cuir étendues Noir, surpiqûres contrastantes Bleu Gentiane, Q1S Sièges baquets sport allégés (rabattables), 3UG Sièges arrière, 0I2 Réservoir de carburant de 84 litres, 0P5 Sorties d&rsquo;échappement sport en titane, 1N3 Direction assistée Plus, 2ZF Volant sport GT en Race-Tex avec chauffage du volant, 3B5 Habillages de sortie de ceinture en Race-Tex, 3S4 Préparation pour système de transport sur toit, 4F2 Accès Confort, 5VK Pare-soleil en Race-Tex, 59C Jantes RS Spyder 20/21 pouces en Gris Vanadium métallisé (finition brillante), 6NN Ciel de toit en Race-Tex, 7Y8 Assistant de changement de voie, 8JU Phares HD Matrix LED teintés, 9VL Système audio Bose Surround Sound, DAS Monogramme latéral « 911 Carrera T » en Gris Vanadium, KA6 Assistance au stationnement avec Surround View, QK3 Pré-équipement Porsche Dashcam, QT3 Filet de rangement côté passager, UD4 Projecteurs de porte LED 911 Carrera T, VC2 Ouvre-porte de garage, VT9 Baguettes de seuil de porte en aluminium brossé noir, éclairées</p>
<p>Équipements de série :<br />
Climatisation automatique bi-zone, Système d&rsquo;alarme avec surveillance de l&rsquo;habitacle, Détection de vigilance du conducteur, Coques supérieures et inférieures des rétroviseurs extérieurs peintes en Gris Vanadium métallisé, Fonction Stop &amp; Start automatique, Système de freinage avec étriers noirs, Radio numérique, Rétroviseurs extérieurs rabattables électriquement avec éclairage d&rsquo;environnement, Bandeau lumineux Exclusive Design avec inscription Porsche noire, Frein de stationnement électrique, Assistant d&rsquo;allumage automatique des feux avec fonction Coming Home, Grille de capot moteur avec lamelles longitudinales peintes en Gris Vanadium métallisé (brillant), Bandeau de feux arrière avec inscription Porsche, Direction de l&rsquo;essieu arrière, Rétroviseurs intérieur et extérieurs à atténuation automatique avec capteur de pluie intégré, Vitrage allégé, Pack Design Éclairage, Système de navigation haut de gamme, Systèmes d&rsquo;appel d&rsquo;urgence eCall et bCall, Filtre à particules essence (GPF), Assistance au stationnement avant et arrière avec avertissement visuel et sonore, Suspension sport PASM (-10 mm), Pédalier en aluminium, Porsche Communication Management (PCM) avec navigation, Porsche Torque Vectoring (PTV), Boulons de roues antivol, Capteur de pluie, Système de surveillance de la pression des pneus (TPMS), Entourage des vitres latérales noir, Sièges avant chauffants, Compartiment pour smartphone avec recharge sans fil, Pack Sport Chrono avec Porsche Track Precision App et affichage de la température des pneus, Commande vocale, Fonction Auto Hold, Assistant de maintien dans la voie, Régulateur de vitesse, Reconnaissance des panneaux de signalisation</p>
