{"id":1735,"date":"2026-04-27T14:47:21","date_gmt":"2026-04-27T14:47:21","guid":{"rendered":"https:\/\/auto-nora.de\/cars\/audi-a4-avant-35-tfsi-s-line\/"},"modified":"2026-04-30T04:34:08","modified_gmt":"2026-04-30T04:34:08","slug":"audi-a4-avant-35-tfsi-s-line","status":"publish","type":"cars","link":"https:\/\/auto-nora.de\/fr\/cars\/audi-a4-avant-35-tfsi-s-line\/","title":{"rendered":"Audi &#8211; A4 Avant 35 TFSI S line"},"content":{"rendered":"<p>N1F Combinaison cuir\/similicuir noir mono.pur 550, 4A3 Si\u00e8ges chauffants \u00e0 l\u2019avant, 1PD Boulons de roue antivol, 1XW Volant en cuir \u00e0 3 branches avec multifonction plus, 2H1 Audi drive select, 4E7 Hayon \u00e0 ouverture et fermeture \u00e9lectriques, 4L6 R\u00e9troviseur int\u00e9rieur \u00e0 att\u00e9nuation automatique, sans cadre, 6E3 Accoudoir central confort \u00e0 l\u2019avant, 6XK R\u00e9troviseurs ext\u00e9rieurs r\u00e9glables \u00e9lectriquement, chauffants et rabattables, \u00e0 att\u00e9nuation automatique des deux c\u00f4t\u00e9s, 7UG MMI Navigation plus avec MMI touch (Audi connect Navigation &amp; Infotainment), 9S9 Audi virtual cockpit plus, 9VD Syst\u00e8me audio Audi, 9ZV Audi phone box light, PCM Pack Assistance Ville (alerte de changement de voie, aide au stationnement Plus, Audi pre sense rear et basic, cam\u00e9ra de recul), PF6 Competition Edition (Pack esth\u00e9tique noir plus, barres de toit noires, jantes Audi Sport 19 pouces, design drapeau \u00e0 5 branches, noir anthracite, finition brillante usin\u00e9e), PX2 Phares LED et feux arri\u00e8re LED avec clignotants arri\u00e8re dynamiques, QE1 Pack rangement et coffre, QL5 Vitres surteint\u00e9es fonc\u00e9es, QQ1 Pack \u00e9clairage d\u2019ambiance, UH2 Assistant de maintien en c\u00f4te<\/p>\n<p>\u00c9quipements de s\u00e9rie :<br \/>\nSurfaces d\u2019accentuation noir mat, Audi connect Remote &amp; Control, Audi pre sense city, Coques de r\u00e9troviseurs couleur carrosserie, Inserts d\u00e9coratifs finition laque diamant gris argent\u00e9, R\u00e9ception radio num\u00e9rique, Baguettes de seuil de porte avant avec inserts en aluminium, \u00e9clair\u00e9es, logo S, Pare-brise avec vitrage athermique et acoustique, R\u00e9gulateur de vitesse avec limiteur de vitesse, Reconnaissance des panneaux de signalisation par cam\u00e9ra, Fixations ISOFIX et Top Tether pour les si\u00e8ges arri\u00e8re ext\u00e9rieurs, S\u00e9curit\u00e9 enfant, Climatisation automatique, R\u00e9servoir de carburant \u00e0 capacit\u00e9 augment\u00e9e, Contr\u00f4le de pression des pneus, Kit de r\u00e9paration des pneus, Dossier de banquette arri\u00e8re rabattable en deux parties, Suspension sport, Alerte de franchissement de ligne, Syst\u00e8me start-stop, Poign\u00e9es de porte couleur carrosserie, Pr\u00e9paration pour interface smartphone, Antid\u00e9marrage \u00e9lectronique<\/p>\n<p>Extension de garantie Audi jusqu\u2019au 28.11.2026 ou 120 000 km<\/p>","protected":false},"featured_media":0,"template":"","brands":[3],"getriebe":[30],"farbe":[37],"kraftstoff":[18],"antrieb":[22],"class_list":["post-1735","cars","type-cars","status-publish","hentry","brands-audi","getriebe-s-tronic","farbe-gletscherweiss","kraftstoff-benzin","antrieb-frontantrieb"],"_links":{"self":[{"href":"https:\/\/auto-nora.de\/fr\/wp-json\/wp\/v2\/cars\/1735","targetHints":{"allow":["GET"]}}],"collection":[{"href":"https:\/\/auto-nora.de\/fr\/wp-json\/wp\/v2\/cars"}],"about":[{"href":"https:\/\/auto-nora.de\/fr\/wp-json\/wp\/v2\/types\/cars"}],"wp:attachment":[{"href":"https:\/\/auto-nora.de\/fr\/wp-json\/wp\/v2\/media?parent=1735"}],"wp:term":[{"taxonomy":"brands","embeddable":true,"href":"https:\/\/auto-nora.de\/fr\/wp-json\/wp\/v2\/brands?post=1735"},{"taxonomy":"getriebe","embeddable":true,"href":"https:\/\/auto-nora.de\/fr\/wp-json\/wp\/v2\/getriebe?post=1735"},{"taxonomy":"farbe","embeddable":true,"href":"https:\/\/auto-nora.de\/fr\/wp-json\/wp\/v2\/farbe?post=1735"},{"taxonomy":"kraftstoff","embeddable":true,"href":"https:\/\/auto-nora.de\/fr\/wp-json\/wp\/v2\/kraftstoff?post=1735"},{"taxonomy":"antrieb","embeddable":true,"href":"https:\/\/auto-nora.de\/fr\/wp-json\/wp\/v2\/antrieb?post=1735"}],"curies":[{"name":"wp","href":"https:\/\/api.w.org\/{rel}","templated":true}]}}

<p>N1F Combinaison cuir/similicuir noir mono.pur 550, 4A3 Sièges chauffants à l’avant, 1PD Boulons de roue antivol, 1XW Volant en cuir à 3 branches avec multifonction plus, 2H1 Audi drive select, 4E7 Hayon à ouverture et fermeture électriques, 4L6 Rétroviseur intérieur à atténuation automatique, sans cadre, 6E3 Accoudoir central confort à l’avant, 6XK Rétroviseurs extérieurs réglables électriquement, chauffants et rabattables, à atténuation automatique des deux côtés, 7UG MMI Navigation plus avec MMI touch (Audi connect Navigation &amp; Infotainment), 9S9 Audi virtual cockpit plus, 9VD Système audio Audi, 9ZV Audi phone box light, PCM Pack Assistance Ville (alerte de changement de voie, aide au stationnement Plus, Audi pre sense rear et basic, caméra de recul), PF6 Competition Edition (Pack esthétique noir plus, barres de toit noires, jantes Audi Sport 19 pouces, design drapeau à 5 branches, noir anthracite, finition brillante usinée), PX2 Phares LED et feux arrière LED avec clignotants arrière dynamiques, QE1 Pack rangement et coffre, QL5 Vitres surteintées foncées, QQ1 Pack éclairage d’ambiance, UH2 Assistant de maintien en côte</p>
<p>Équipements de série :<br />
Surfaces d’accentuation noir mat, Audi connect Remote &amp; Control, Audi pre sense city, Coques de rétroviseurs couleur carrosserie, Inserts décoratifs finition laque diamant gris argenté, Réception radio numérique, Baguettes de seuil de porte avant avec inserts en aluminium, éclairées, logo S, Pare-brise avec vitrage athermique et acoustique, Régulateur de vitesse avec limiteur de vitesse, Reconnaissance des panneaux de signalisation par caméra, Fixations ISOFIX et Top Tether pour les sièges arrière extérieurs, Sécurité enfant, Climatisation automatique, Réservoir de carburant à capacité augmentée, Contrôle de pression des pneus, Kit de réparation des pneus, Dossier de banquette arrière rabattable en deux parties, Suspension sport, Alerte de franchissement de ligne, Système start-stop, Poignées de porte couleur carrosserie, Préparation pour interface smartphone, Antidémarrage électronique</p>
<p>Extension de garantie Audi jusqu’au 28.11.2026 ou 120 000 km</p>
